12. Does 21 divide t?
False
Let t(j) = 2*j - 22. Let d be t(9). Let s be (0 + d/4)/(4/(-8)). Suppose 0 = n, -2*f + 82 = s*n - 4*n. Does 18 divide f?
False
Is 21 a factor of ((-6)/(-4))/(72/240912)?
True
Suppose r - 8 = 11. Let i = r + 29. Suppose 0 = -56*z + i*z + 1120. Is 38 a factor of z?
False
Let b be 4/(4/(-16)*-1). Suppose -5*f = -2*f + 2*x - b, -3*x + 6 = 0. Suppose 0 = -f*p + 5*z + 507, -5*p = -z - z - 655. Does 30 divide p?
False
Let z(b) = 2*b**3 + 53*b**2 - 25*b - 51. Let f be z(-27). Let y = f + 589. Is 40 a factor of y?
False
Let d = -18545 - -47311. Does 111 divide d?
False
Suppose 1864 = -8*a - 1160. Let t = a - -409. Is 3 a factor of t?
False
Let x(c) = -2*c**2 + 4*c - 10. Let u be x(5). Let b = -30 - u. Is 14 a factor of 550/(-20)*(-12)/b?
False
Let s(n) = -2*n**2 + 12*n - 70. Let g be s(8). Let r = g + 213. Does 36 divide r?
False
Is ((-274)/5 + -4)*(-3 - (-7)/(-1)) a multiple of 4?
True
Let f(n) = -n**2 - 115*n - 589. Does 41 divide f(-77)?
True
Let b(g) = 786*g**3 + 7*g**2 - 4*g + 4. Let c(q) = q**3 + 1. Let a(t) = b(t) - 4*c(t). Is a(1) a multiple of 7?
False
Does 58 divide 14/(-14)*(25/(-5) - 8579)?
True
Suppose -2*k - 40 = -7*k - 5*n, 4*k - n - 52 = 0. Suppose k*m = 18*m. Suppose g + 104 - 112 = m. Is g a multiple of 2?
True
Let g be (-9)/(-18)*(1 - 0 - -9). Suppose -5 = g*z, 5*t - 19*z - 1900 = -14*z. Is 14 a factor of t?
False
Let h(k) = 8*k**2 - 7*k + 7. Let v be h(1). Let j(s) = -s**2 + 10 + 42 - 13*s + 5*s**2 - v. Does 14 divide j(8)?
True
Suppose -228 = 339*p - 351*p. Suppose p*f + 6529 - 16960 = 0. Is f a multiple of 14?
False
Let x = 15692 + -9083. Is x a multiple of 38?
False
Suppose 146*w = 126*w + 782040. Does 114 divide w?
True
Suppose 0 = -z + 2*y + 4, -z + 4*y + 2 = 3*y. Let m(b) = -b**3 - 17*b**2 + 12*b + 221. Let c be m(-17). Let x = c - z. Is 2 a factor of x?
False
Let d be (0 + -2 - -52)*(-3)/(-2). Let o = -70 + d. Suppose -o*j = -52 - 38. Is 2 a factor of j?
True
Let z(k) = 5*k. Let t be z(-8). Let r be ((-110)/t)/((-2)/(-16)). Suppose -5*d = 4*s - 70, -2*s = -4*d + 78 - r. Is d a multiple of 6?
False
Suppose -5*t = -3*g - 1309, g + 2*t = 141 - 559. Let j = 829 + g. Is 5 a factor of j?
False
Let g(y) = -54*y + 8. Let p be g(10). Let z = p + 1026. Does 19 divide z?
True
Let k(n) = 4109*n**3 + 2*n**2 + 7*n + 5. Is k(2) a multiple of 197?
True
Let k be (-2 - -1)*(1 + 1 + -21). Suppose 16*b = k*b - 120. Is (420/b)/(-1 + 3/2) a multiple of 7?
True
Let t(c) = -c**3 - 20*c**2 - 12*c - 2. Let b be t(-20). Suppose -3*d + z = -b, 0*z = 5*d + 5*z - 430. Is d a multiple of 20?
False
Let q(j) = -j**3 - 19*j**2 - 6*j + 23. Suppose 58 = -3*t + 7. Let l be q(t). Is 7/(21/(-2))*l a multiple of 18?
False
Suppose -2*j = 12*o - 8*o - 4086, 5*j - 5*o = 10170. Does 3 divide j?
True
Let s(g) = 3*g + 24. Suppose -3*m = 12 + 12. Let n be s(m). Suppose 3*u - 12 = -n. Is u a multiple of 2?
True
Let d = 622 + 919. Is d a multiple of 8?
False
Let i = -214 + 216. Suppose i*q + 6 = 5*q + 3*b, -b = 3*q - 10. Is q a multiple of 4?
True
Let s(u) = -30*u**3 + 21*u**2 + 45*u + 126. Is s(-7) a multiple of 35?
True
Suppose 5354 - 1354 = 4*l. Suppose -36*s = -5480 - l. Does 18 divide s?
True
Suppose 612*r - 614*r + 44 = 0. Suppose 0 = 4*w - r*w + 108. Does 2 divide w?
True
Suppose -194*m + 785729 = -1562279 - 3608180. Is m a multiple of 14?
True
Suppose u + 3*q = 2439, 0 = 5*u + 17*q - 19*q - 12178. Is u a multiple of 6?
True
Let y(w) = -15*w - 319. Let d be y(-18). Does 9 divide 19412/28 + ((-28)/d)/(-2)?
True
Let d(w) = 6*w - 35. Let h(j) = 24*j - 144. Let z(x) = -21*d(x) + 5*h(x). Is 7 a factor of z(-4)?
False
Suppose 0 = -4*z + 5*p + 20264, -14*z + 4*p = -15*z + 5087. Is 130 a factor of z?
False
Let r = 23 - 16. Suppose -2*m + 310 = -r*m. Let f = -52 - m. Is 10 a factor of f?
True
Suppose 6*l = 10*l - 237180. Suppose -26*m = -93*m + l. Is 15 a factor of m?
True
Let c(g) = -579*g - 46. Let j(i) = -386*i - 30. Let p(n) = 5*c(n) - 8*j(n). Does 22 divide p(2)?
True
Let f = -2441 - -2745. Is 8 a factor of f?
True
Let i = -16807 + 17621. Is 59 a factor of i?
False
Suppose 192*a - 897298 = 50*a. Is a a multiple of 71?
True
Let b = 779 - -2397. Is 15 a factor of b?
False
Let r be 30/(2 + 3) - 4. Let a be r - (-16*1)/(-4). Is 8/a - (-14 + -38) a multiple of 12?
True
Let g(o) = 129*o**3 + 10 - 130*o**3 - 8*o - 4*o**2 - 5*o**2. Let a be g(-8). Suppose -a*p + 71 = 21. Does 3 divide p?
False
Suppose -4*b + 3 = -3*z + 2, -4*z + 16 = -b. Let o(s) = 30*s**2 + 5*s. Let y be o(b). Suppose -3*r + y = 2*r. Is r a multiple of 5?
True
Suppose -10*p = -5*p - 36400. Suppose -8*s + p = 12*s. Is s a multiple of 31?
False
Suppose 0 = -133*j + 220959 + 179504. Is 6 a factor of j?
False
Let n(q) be the third derivative of 7*q**6/15 - 3*q**5/20 + 2*q**4/3 - q**3/2 - q**2 - 106. Does 41 divide n(3)?
True
Let y = 116 + 602. Let c be (-1)/2*((-4)/1 - y). Suppose -c = 8*r - 1321. Does 15 divide r?
True
Suppose 9*i - 17 = -2*s + 4*i, 0 = -s + i - 2. Is 7 a factor of s/(-5) + 174979/245?
True
Let o(c) = -56709*c**3 - 265*c**2 - 262*c + 2. Is o(-1) a multiple of 31?
False
Let l be (25/(-10))/((-2)/4). Let p be 3*14/12 - (-7)/14. Suppose 3*t = -4*u + 11 + 73, p*u + l*t - 92 = 0. Is u a multiple of 3?
True
Let l(f) = 6*f + 75. Let w be l(-12). Suppose 3*n - 18 = -6, w*n = j - 504. Does 19 divide j?
False
Suppose t - 144 = -8*t. Suppose -4*x + t*x = 8280. Is x a multiple of 23?
True
Let i(t) = -t**2 + 22*t + 27. Suppose -7*l = -0*l + 14. Let x be (352/33)/(1/(-3)*l). Is 22 a factor of i(x)?
False
Suppose 4*d - h - 4*h - 1516 = 0, 0 = -2*d + 2*h + 760. Suppose 3*k = o - d, 13*o = 12*o + 2*k + 388. Is 22 a factor of o?
True
Let q = -1514 - -3131. Is 49 a factor of q?
True
Let f = 10412 + -5430. Is f a multiple of 53?
True
Let c = -2338 - -2858. Is c a multiple of 10?
True
Let d(a) = 95*a**2 + 7*a + 6. Let n = 255 - 258. Is d(n) a multiple of 70?
True
Suppose -102246 - 36618 = -22*t. Is 81 a factor of t?
False
Suppose -7 = -8*s - 55. Let d = s - -10. Suppose 6*c = -d*c + 120. Does 6 divide c?
True
Let s = 611 + -551. Let v = 76 - s. Does 4 divide v?
True
Let x(l) = -l**3 + l**2 - l + 9. Let y be -1 + 15 + (-5 - -2). Let b = 11 - y. Is 4 a factor of x(b)?
False
Let w be 47/141 + -14*(-670)/12. Suppose l = -2*i + w, -4*i = -7*i - 2*l + 1174. Is 13 a factor of i?
True
Suppose 37*h - 198650 = -21*h. Is h a multiple of 52?
False
Let p = 3600 + -1032. Does 8 divide p?
True
Suppose 5*u - 65532 = 2*c, -39*c = -4*u - 34*c + 52429. Does 9 divide u?
False
Let j(n) = 2323*n**2 + 94*n + 295. Does 12 divide j(-3)?
False
Is (1204/(-6))/(11/(-792)) - (-120)/(-40) a multiple of 18?
False
Let o = -40 - -35. Let r be 2/(o/20*1). Let l(m) = m**2 + m + 9. Does 23 divide l(r)?
False
Let m(q) = -5*q + q**3 + 28 - 11 - 14*q**2 - 11*q. Let p be m(15). Suppose -57 = -4*w - 2*g + 221, -p*w - 5*g = -135. Is w a multiple of 13?
False
Is 866 + (-28)/(-63)*9 a multiple of 30?
True
Let w = -1482 + 6786. Is 136 a factor of w?
True
Suppose s = -z - 2, 3*s = z + 3*z - 20. Suppose -t = z*t + 15, 25 = -4*m - 5*t. Suppose -o + 4*o - 36 = m. Does 4 divide o?
True
Suppose 65*f + 45*f = 140*f - 53640. Does 63 divide f?
False
Let w(l) = 5*l**2 - 11 - l + 7*l - 2 - 1. Let f be w(2). Suppose -i + f = -30. Does 8 divide i?
True
Let g(x) = x**3 - x - 4. Let z be g(2). Let k(q) = 5*q**2 - 2*q - 1. Let w be k(z). Let h = w - 7. Does 8 divide h?
True
Let m be (-1)/(-5) - (-297)/15. Suppose 10*s - 6*s = m. Suppose c = s*c + 3*w - 106, -2*w - 4 = 0. Is c a multiple of 3?
False
Let r(s) = -4*s**3 + 9*s**2 - 36*s - 46. Is r(-6) a multiple of 11?
False
Suppose -l - 2 = -4*u, -6*l = -4*l + 4. Suppose 4*m + z - 221 = u, z + 59 = m + 5*z. Does 35 divide m?
False
Suppose 93*c - 98*c = 30. Is 4 + (13/(-78) - 409/c) a multiple of 2?
True
Let d(y) = y - 13. Let m be d(18). Suppose -5*o + 202 = 3*q, -4*o - 3*q + m*q + 144 = 0. Is o even?
True
Suppose -62*a = -57*a - 710. Suppose 2*t + b - 11 = 53, 0 = 4*t - 5*b - a. Is t a multiple of 14?
False
Suppose -810*m = -797*m - 62257. Does 95 divide m?
False
Suppose 2*s = -3*g + 5*g + 6, 4*s = 5*g + 13. Is 8/(g*4/(-28)) a multiple of 37?
False
Let h = -1511 - -4357. Is 10 a factor of h?
False
Let v(b) be the second derivative of 37*b**3/6 - 37*b**2/2 - 105*b. Is 12 a factor of v(25)?
True
Let